= -4*p + 5*p - 3*q. Suppose -x*l - 7 = -p*l. What is the units digit of l?
7
Let q be (3/6)/(2/(-28)). Let k = q - -9. Suppose k*a + 3*a - 65 = 0. What is the tens digit of a?
1
Suppose -q - 125 = -f, 6*f - 405 = 3*f - 3*q. What is the units digit of f?
0
Let w(m) = -2*m - 4. Let k be w(6). What is the units digit of (-3 - -3) + (-1 - k)?
5
Let h(i) = -15*i**3 + 4*i**2 + 2*i + 1. What is the units digit of h(-2)?
3
Let g = 102 + -188. Let o = 38 + g. What is the units digit of 4/18 - o/27?
2
Let d(y) = -y**3 + 6*y**2 - 2*y - 5. Suppose 4*a - 25 = -5. What is the tens digit of d(a)?
1
Let z(n) = -8*n - 7. Let y be z(-3). Suppose -p + 2 - 7 = 0. Let u = y + p. What is the tens digit of u?
1
Suppose 6*w - w = 0. Suppose -2*f + w*f + 6 = 0. Suppose 0*l + 6 = 2*l + 4*t, f*l - 4*t = 9. What is the units digit of l?
3
Suppose -3*p = 3*n + 2*p + 15, 5*n + 53 = p. What is the units digit of (12/(-10))/(2/n)?
6
Let b = 13 - 11. Let f = 11 + -15. What is the units digit of b/f - 7/(-2)?
3
Suppose -2*r + 3*r + 4 = 0. What is the tens digit of -1 + 0 - (-23 - r)?
1
Let l = 22 - 9. Suppose 2 = 2*g + 16. Let r = g + l. What is the units digit of r?
6
Suppose -5*c = y - 119, 0 = 2*c - 3*y - y - 52. Suppose 2*r - c = 4. What is the tens digit of r?
1
Let y be 565/20 - 1/4. Suppose 5*x + 4*f = 2*x + y, -4*x - f = -46. What is the tens digit of x?
1
Let m(o) = o**3 - 9*o**2 + 4*o - 14. What is the tens digit of m(10)?
2
Suppose 2*b + 2*b + 4 = -2*r, 2*r - 31 = 3*b. What is the units digit of r?
8
Let r = -17 - -14. What is the units digit of 111*r/(-36)*4?
7
Suppose -452 = -4*i - 52. Suppose -5*p - i = -330. Suppose 0 = 2*m + m - g - 21, -2*g = 5*m - p. What is the units digit of m?
8
Suppose -9*d = -6*d - 99. What is the units digit of d?
3
Let x = 1 + -11. Let k be 3/(-9) - x/3. Suppose 0 = k*b + 5*d + 5, 0 = -d - 1 - 3. What is the units digit of b?
5
Suppose 0 = 5*m + 2*v - 322, 4 = 5*v - 1. What is the tens digit of m?
6
Let f = -5 + 6. Suppose 4*w - f = 55. What is the units digit of w?
4
Suppose 0 = 6*t - 109 - 113. What is the tens digit of t?
3
Let m = 26 - 21. What is the units digit of m?
5
Let d = 12 - 15. What is the units digit of (d - -7 - 8) + 10?
6
Suppose 0 = -4*q - 13*g + 9*g + 652, 317 = 2*q + 5*g. What is the hundreds digit of q?
1
Let a(t) = -t**3 + 3*t**2 - t - 1. Let z be a(2). Let u be 2/(z/((-9)/(-6))). Suppose 4*p + u*m - 47 = 0, p + 2*m - 13 = -0. What is the units digit of p?
1
Let v(n) = 4*n - 6*n + 4 + 4*n**2 + 0*n. What is the tens digit of v(-3)?
4
Suppose -4*j = -7*j + 69. Suppose -6 = -t + j. What is the units digit of t?
9
Let y(s) be the second derivative of -4*s - s**3 + 2*s**3 + 2*s**2 - 5*s**2. What is the units digit of y(4)?
8
Suppose -7*h = -3*h, -2*q + 4*h + 34 = 0. What is the tens digit of q?
1
Let z be -1 + 3 - 2*-1. Let r be -1 + (-5 - -3) + 11. Suppose 0 = -z*s + r + 32. What is the tens digit of s?
1
Let t = -20 - -23. Suppose j - t*j = -56. What is the units digit of j?
8
Suppose -3*u + 4*a = -4, 2*u + 2*a - 12 = -0*a. Suppose -u*y + 2*y = -8. Suppose 15 - 7 = 4*g, y*g = -2*i + 14. What is the units digit of i?
3
Let f(h) = -h**3 + 10*h + 10. What is the tens digit of f(-6)?
6
Let o(w) = w**2 - 4*w + 8. What is the units digit of o(9)?
3
Let h = 2 - 0. Suppose h*d = -2*d + 20. Suppose 8*s - 69 = -d*c + 4*s, 4*c + 5*s - 57 = 0. What is the tens digit of c?
1
Suppose 0*b + 4*b - 272 = 0. What is the units digit of b?
8
Let p(w) = w**3 + 16*w**2 + 14*w + 1. What is the units digit of p(-15)?
6
Let b(x) = -x**2 - 14*x + 9. Let w be b(-16). Let l = w - -66. What is the units digit of l?
3
Suppose -2*s = s + 9. Let c(f) = f**3 + 4*f**2 - 2*f - 2. Let i be c(-4). What is the units digit of 4 - (i/s - -3)?
3
Let b = -52 - -28. Let y = 37 + b. What is the tens digit of y?
1
Let w(m) = m**2 - 10*m - 2. Let g be w(10). Let b be -4*(3 + g) + 2. Let a = b + 5. What is the units digit of a?
3
Let k be 2/(-2*(-4)/48). Let d(m) = -m**2 + 4*m + 3. Let t be d(4). Suppose 0 = -t*i + k, -34 = -l - l - 2*i. What is the units digit of l?
3
Let h = -7 + 10. Let r be -2 - (-2 + -3 + 1). Suppose h*s + r*s = 15. What is the units digit of s?
3
Suppose 4*r + 2*r = 864. What is the hundreds digit of r?
1
What is the tens digit of 52 + 2 - -3 - -2 - 1?
5
Let g(r) = r + 74. What is the tens digit of g(20)?
9
Let j(i) = i**3 + 13*i**2 + 11*i - 15. Let b be j(-12). What is the units digit of (-90)/(-27) + 1/b?
3
What is the units digit of (-8)/(-10)*70/28?
2
Suppose -4*d + 86 = -2*d. Let m = d + -9. Suppose -3*r = 4 - m. What is the tens digit of r?
1
Let x(h) = -h**3 - 2*h**2 + 2*h + 15. What is the units digit of x(-5)?
0
Let n = -12 - -18. Let w(v) = v**3 + 10*v - 6*v**2 - 4*v + 2 - v**2 + 0. What is the units digit of w(n)?
2
Let q = 30 + 4. What is the tens digit of q?
3
Let a(o) = -o**3 - 9*o**2 + 12*o - 2. What is the hundreds digit of a(-11)?
1
Suppose -3*z - 2*b + 33 = -0*z, b = -z + 12. Let a be 3/z + 16/6. Suppose 2*t - a*t + 19 = 2*n, 0 = -n + 3. What is the tens digit of t?
1
Suppose 0*t + 3*t = -5*g + 24, 3*t = 3*g. What is the units digit of g?
3
Let d(o) = o + 15. Let u be d(-10). Suppose u*g = 479 - 49. Suppose 0 = 5*t - 4*c - g, 0*t + 40 = 4*t + 4*c. What is the units digit of t?
4
Let k(r) = -r + 1. Let j be k(1). Let z(w) = -w**3 + 6*w**2 - 3*w + 2. Let h be z(5). Suppose h = -j*u + 2*u. What is the units digit of u?
6
Suppose 2*y - 25 + 21 = 0. What is the units digit of y?
2
Suppose -2*f = -2*v + 7*v + 46, 12 = -4*f. What is the units digit of v/(-3)*12/8?
4
Let c(d) = d**2 + d - 6. What is the units digit of c(5)?
4
Suppose 0 = 3*l - 37 + 7. Suppose -2*c - 4 = -l. What is the units digit of c - (0 + -2 + 4)?
1
Let m(c) = c. Let p be m(3). Suppose -p*g = -0 - 3. Let f = g + 6. What is the units digit of f?
7
Suppose 0 = b + 2*b - 12. Let j(o) = -o**3 + 3*o**2 + 5*o. Let n be j(4). Suppose -n = -b*s - 0*s. What is the units digit of s?
1
Let j = 1 + -6. What is the units digit of (20/(-3))/(j/30)?
0
Let k be (-2 + 1/2)*-22. Suppose -k = -3*a + 66. What is the units digit of a?
3
What is the units digit of (-34)/(-10)*(5 + 0)?
7
Let s(n) = n**2 - 2*n + 34. What is the tens digit of s(0)?
3
Suppose 4*c = 2*t - 30, -2*t + 2*c + 6 = -24. What is the tens digit of 6/(-2) + t*1?
1
Let x(m) = m**3 + 9*m**2 - 2*m - 13. Let j be x(-9). Suppose -72 = j*n - 2*n. What is the units digit of 1/(-3*2/n)?
4
Let t be 48/36 + 2/3. Suppose -4*f + f - t*y + 57 = 0, -f + 36 = -5*y. What is the tens digit of f?
2
Suppose 2*s = 4*v - 58, 3*s = -4*v - 11 + 84. What is the tens digit of v?
1
Let s be (-287)/(-7) - (-1 + 2). Suppose 0 = -k + s + 3. What is the tens digit of k?
4
Suppose 0 = 2*w - 6*w + 12. Suppose 3*m + w*d = 18, 5*m - 5*d = 3*m + 47. What is the units digit of m?
1
Let o = 28 + 28. What is the units digit of o?
6
Let w be 0/((-3)/2*2). Suppose v + w = 3. Suppose y - v + 0 = 0. What is the units digit of y?
3
Let n = 10 + -16. Let f = n - -10. Suppose 3*x - f*u = 27, -4*u + 90 - 26 = 4*x. What is the units digit of x?
3
Suppose 0 = n + 2*n - 24. Let t = n + 0. What is the units digit of t?
8
Let a(i) = i**2 - 9*i - 16. Let b be a(11). Suppose 7*g = 4*g + b. Suppose -2*s - t + 11 = 0, -s - 3*t = g*s - 18. What is the units digit of s?
5
Let y(q) = q**2 - q + 36. What is the tens digit of y(0)?
3
Suppose 0*u - 16 = -2*u. Let n = u - 3. What is the units digit of n?
5
Let s(t) be the third derivative of 1/120*t**6 - 1/8*t**4 - 2*t**2 + 0*t - 1/12*t**5 + 0 - 4/3*t**3. What is the units digit of s(6)?
0
Let j(f) = f**2 - 3*f. Let h be j(8). Suppose t = 5*t + 3*z - 95, h = t + 4*z. What is the tens digit of t?
2
Suppose -y + 37 = -i, 3*y - y - 70 = 4*i. What is the units digit of y?
9
Let b be (-16)/(-6)*9/6. Let d be (2 + 0/(-4))*37. Suppose -b*n + 6 = -d. What is the units digit of n?
0
Let l(f) = -f**2 + 7*f - 4. What is the units digit of l(5)?
6
Let i(z) = -z + 6. Let t(g) = -3*g - 7. Let c be t(-9). Suppose -c = -5*b + b. What is the units digit of i(b)?
1
Suppose -2*h - 3*l + 283 = 0, 2*h - 3*h + 134 = 4*l. What is the units digit of h?
6
Let f = -54 + 157. What is the hundreds digit of f?
1
Suppose 3*t - 3*m = 15, -5 = -2*t + 3*m + 9. Let l(i) = 9*i**2 - i + 1. What is the units digit of l(t)?
9
Let y be 0/(3 - 1) - 0. Suppo